 units digit of p?
0
Let x(l) = l**3 + 12*l**2 + l + 12. Let z be x(-12). Suppose 2*j - 12 - 12 = z. What is the tens digit of j?
1
Let s be (-61)/3 - 2/(-6). Suppose -p + 2*b = -56, 2*b = p - b - 56. What is the units digit of (p/35)/((-1)/s)?
2
Let a = 864 + 699. What is the units digit of a?
3
Suppose 3*v + 213 = 2*t - 594, v = -4*t + 1607. What is the tens digit of t?
0
Suppose 0 = 6*g - 39 - 57. Suppose 7 = -i + g. What is the units digit of i?
9
Suppose 18 = 2*n + 3*v, -56 = -3*n + 5*v - 10. Suppose 0*w - n = 4*w. What is the units digit of (-9)/w + -1 + 5?
7
Let y = 5211 + -2318. What is the units digit of y?
3
Let c be (-9)/21 + (-49540)/(-35). Suppose 5*z - c = -0*z + 5*b, -b - 5 = 0. What is the hundreds digit of z?
2
Let o(r) = 3*r**2 - 18*r - 5. What is the units digit of o(-12)?
3
Suppose -3 = 4*b - b. Let z be (b - 0)/((-18)/1170). Suppose 0 = 3*n - z - 7. What is the tens digit of n?
2
Let n(j) = -j**3 + 28. Let w be n(0). Let f = 109 - w. Suppose -5*c = 3*k - f, 6*k = 3*k + 3*c + 81. What is the tens digit of k?
2
Let i = -10 - -10. Let n(p) = 136*p + i + 11 - 137*p. What is the units digit of n(10)?
1
Let a(d) = -4*d**2 - 11*d + 9. Let j(z) = -5*z**2 - 13*z + 10. Let k(u) = 6*a(u) - 5*j(u). Suppose 10*o - 5*o = 0. What is the units digit of k(o)?
4
Let u(m) = -41*m + 470. What is the tens digit of u(-7)?
5
Suppose 0 = -2*f + 2*i + 2, 2*f - i = 3*i. Let b be f/(8/4)*-1. What is the tens digit of (-555)/(-45)*(-3)/b?
3
Let h(w) = w**3 - 10*w**2 + 10*w - 9. Let m be h(9). Suppose m = 5*q + 4*r - 378 - 496, -3*q + 518 = 4*r. What is the tens digit of q?
7
Let z(m) = m**2 + 10*m - 6. Let o be z(-11). Let w(j) = -j**2 + 6*j - 7. Let h be w(o). What is the tens digit of (h - -1)/((-1)/40)?
4
Let i(n) = -2*n**3 - n - 1. Let k be i(-1). Suppose 0 = o - 0*q + 2*q - 131, 5*q + 235 = k*o. Suppose 4*u = o - 37. What is the units digit of u?
2
Suppose 0 = -c + h + 760, -9*c + 1511 = -7*c - 5*h. Suppose 145 - c = -2*l. What is the hundreds digit of l?
3
Suppose 2766 - 12089 = -4*c - 3*d, -5*c - 3*d = -11656. What is the hundreds digit of c?
3
Let h(c) = c**2 + 45. Let y be h(0). Suppose -3*t + y = -363. Suppose -3*o - 5*j + t = 0, 0*o - 27 = -o + 2*j. What is the tens digit of o?
3
Suppose 0 = 4*p, -p = -3*i + 3*p + 9. Suppose 584 = i*d - 5*u - 95, 2*d - 461 = 5*u. What is the hundreds digit of d?
2
Let q(d) = d**2 - 5*d + 14. What is the units digit of q(7)?
8
Suppose -x + 3*s + 557 = 0, -2*s + 2372 + 345 = 5*x. What is the tens digit of x?
4
Suppose 3*l = 3*y - 4635, 46*l = -3*y + 47*l + 4631. What is the tens digit of y?
4
Let v(u) = -10*u - 10*u**2 - 14*u - 6*u**2 + 39 + u**3 + 5*u. What is the units digit of v(17)?
5
Suppose 0 = -5*n + 3*y + 2455, 23*n = 19*n + 3*y + 1964. What is the units digit of n?
1
Let t(h) = 3*h**2 + 20*h - 7. What is the units digit of t(-8)?
5
What is the units digit of 2074 + -89 + 16/(-2)?
7
Let a be (5/(-3))/(0 - (-2)/(-18)). What is the units digit of 8/20 + 939/a?
3
Let x = -26 - -185. What is the tens digit of x?
5
Suppose -50 = 6*h - 248. Suppose -2*f + h = 5*b - 35, -3 = 3*f. What is the tens digit of b?
1
Suppose 0 = t - 0*p - 3*p - 28, 2*t - 78 = -5*p. Suppose d - 12 = t. Let x = 70 - d. What is the units digit of x?
4
Let f = -244 - -417. Suppose 5*p + f - 48 = 0. Let q = -12 - p. What is the units digit of q?
3
Let r(x) = 3*x**2 + 2*x + 1. Let d(i) = i**3 + 2 + 3*i - 2*i + 2*i**2 - 3*i**2 + 0. Let k be d(0). What is the units digit of r(k)?
7
Let l(m) = 4*m**3 + 4*m**2 + 10*m - 13. What is the tens digit of l(5)?
3
Let i(h) = h**2 - 9*h + 4. What is the units digit of i(24)?
4
What is the units digit of 5 + 4*(2 + 103)?
5
Suppose o + o - 2*h = -14, -o - 3*h - 7 = 0. Let p = 34 - o. Suppose 5*s = p + 59. What is the tens digit of s?
2
Suppose -5*t - 1088 = -4*v + 649, t - 441 = -v. Suppose -3*g + v = 123. What is the hundreds digit of g?
1
Let h(s) = s + 5. Suppose 0 = -0*i - 2*i - 18. Let f be h(i). What is the units digit of 19 + f/(-1) + -4?
9
Let q = 588 + -78. Suppose -15*h - 2*h = -q. What is the units digit of h?
0
Let s(c) = c**2 - 6*c + 11. Suppose -2*u + 41 = 2*z + 3*u, -27 = -4*z + u. What is the tens digit of s(z)?
2
Let w(j) = -2*j + 4. Let n = -1 + 1. What is the units digit of w(n)?
4
What is the tens digit of 92/(6/15 - 1/15)?
7
Let u be -5 + 4 - (-1 - 2). Let s = u + -6. What is the units digit of (17 + -1)/(s/(-2))?
8
Let v(g) = g**3 - 21*g**2 - 34*g + 31. What is the tens digit of v(23)?
0
Suppose 3*r - 4*k = -9*k, -2*r + 2*k = 0. Let j be r/((-4)/1) + 0. Suppose m - 16 = -m - 2*d, j = -2*m + d + 16. What is the units digit of m?
8
Let d = 30 - 14. Let m = -3 + d. What is the tens digit of m?
1
Suppose -2*i = -3*c + 1387, -3*c + 1382 = 3*i - 4*i. What is the units digit of c?
9
Suppose -4*x + 0*x + 24 = -3*o, 2*o + 11 = x. Let q(a) = -a**2 - 7*a. Let i be q(-6). Suppose -x = u - i. What is the units digit of u?
3
Suppose 3*s - 94 = 644. Suppose g - 64 = -4*w + 68, 2*g + 2*w - s = 0. What is the hundreds digit of g?
1
Let v(o) = o**2 - 22*o + 1. Let p be v(22). Let q(k) = 85*k**2 - 4*k + 5. What is the units digit of q(p)?
6
Let x(s) = 2*s + 31. Let r be x(-15). What is the hundreds digit of r/(((-2)/6)/((-151)/3))?
1
Suppose -5*x + 31 = 6*g - 2*g, 2*x = 2*g - 2. Suppose x*a - 318 = 177. What is the tens digit of a?
6
Suppose -2824 = 2*h - 4*h - 4*q, -5*h + 5*q + 7135 = 0. What is the tens digit of h?
2
Suppose 32 = -14*y + 22*y. Suppose c = -y*v + 607, 3*v - 5*v = -2*c - 306. What is the tens digit of v?
5
Let z(r) = -140*r - 84. What is the hundreds digit of z(-16)?
1
Suppose 4*d - 2 = 2*p, 7*p - 2*p + 2*d - 7 = 0. What is the units digit of (-150)/(-5) - (p + -4)?
3
Suppose -3*s + 2*s = 4*p + 31, -s = 2*p + 35. Let t be (-48)/(14/12 - 2/4). Let o = s - t. What is the tens digit of o?
3
Suppose -49*b + 5280 = -33*b. What is the hundreds digit of b?
3
Suppose 54*g - 4962 = 53*g - 3*a, 9888 = 2*g - 3*a. What is the tens digit of g?
5
Let l(t) = -2*t + 9*t + 10 - 8*t. Let i be l(8). Suppose -i*o = 3*z - 14, -2*o + 5*z = z - 14. What is the units digit of o?
7
Let i be (-4)/(-20) + (-2007)/(-15). Let t = 190 - i. What is the tens digit of t?
5
What is the tens digit of 10 - -6157 - (5 - -2)?
6
Suppose 3*c + 3*g = 6942, -3*c = -4*g + 2680 - 9650. What is the units digit of c?
8
Suppose l - 1217 = -10*f + 7*f, l - 405 = -f. What is the hundreds digit of f?
4
Let v(l) = 53*l**2 - 1 + 12*l - 12*l - 3. What is the units digit of v(-2)?
8
Let d be (-6)/4*(1050/9 + 4). Let q = d + 311. What is the tens digit of q?
3
Let h be 2 + 3/6*6. Let o(b) = 3*b**2 - h*b + 8 + b**2 - 3*b - 3*b**2. What is the units digit of o(8)?
8
Let d(w) = -192*w**3 - 2*w**2 - 4*w - 3. What is the hundreds digit of d(-1)?
1
Suppose -14*j = -13*j - 3*n - 957, 3*n = -5*j + 4695. What is the tens digit of j?
4
Suppose 2*c - 48 = -4*g, 5*g = 2*c - 100 + 7. Suppose -3*t + c = -89. Suppose -t = -2*u - n, 2*n + 3*n + 5 = 0. What is the units digit of u?
1
Let p be 58/(-14) - 6/(-42). Let n be 8/p - -1 - -2. Suppose n = -4*b + 113. What is the units digit of b?
8
Suppose -4*h + 8309 = 81. What is the tens digit of h?
5
Let x = 3 + 0. Suppose x*k + 185 = 59. Let o = 72 + k. What is the units digit of o?
0
Let x(w) be the third derivative of w**5/30 - 5*w**4/24 + 2*w**3/3 - 2*w**2. Let l(y) = 2*y + 18. Let n be l(-7). What is the units digit of x(n)?
6
Suppose 4 = -4*y - 2*g, -3*g + 2 = -2*g. Let a = y - 6. What is the tens digit of 226/10 + a/(-20)?
2
Let n be ((-30)/(-7))/((-5)/(-35)). Suppose 0*f - n = -3*f. Suppose -5*g = -f - 30. What is the units digit of g?
8
What is the units digit of 11/(44/(-10068))*(-1)/3?
9
Let q(a) = 3*a**3 - 11*a**2 + 23*a - 32. What is the units digit of q(8)?
4
Suppose -a + 31 = 2*o + 2*a, -29 = -3*o - a. Suppose -2*c - 2*c = o. Let n = c - -25. What is the units digit of n?
3
Let g(w) = w + 34. What is the units digit of g(6)?
0
Let h = 13 - 11. Suppose h*s - 16 = 36. Suppose -f = -5*i - 20, f + i - s = -0*i. What is the units digit of f?
5
Let l(s) be the first derivative of 2*s**4 - 2*s**3/3 + 2*s**2 + 7*s + 25. What is the units digit of l(3)?
7
Let r = 107 - 166. Let w = 131 + r. What is the units digit of w?
2
Suppose 4*t - 7*t = -15. Let d(n) = 7 - n + 2*n - t. What is the units dig